
What are the prime factors of 7532091?
3, 7, 119557
What are the prime factors of 947261896?
2, 7, 17, 995023
What are the prime factors of 388267497?
3, 197, 218989
List the prime factors of 233467220.
2, 5, 7, 1667623
What are the prime factors of 353124587?
353124587
What are the prime factors of 65469561?
3, 21823187
What are the prime factors of 360290054?
2, 3947, 45641
List the prime factors of 4599341180.
2, 5, 7, 443, 74159
List the prime factors of 91158137.
7, 13022591
List the prime factors of 13051908.
2, 3, 120851
What are the prime factors of 807050835?
3, 5, 103, 174121
List the prime factors of 41420688.
2, 3, 701, 1231
What are the prime factors of 177425002?
2, 19, 245741
What are the prime factors of 4060861306?
2, 31, 65497763
What are the prime factors of 1112430004?
2, 7, 39729643
What are the prime factors of 1068751861?
1068751861
List the prime factors of 3449686125.
3, 5, 9199163
List the prime factors of 58934784.
2, 3, 17, 37, 61
List the prime factors of 759470241.
3, 29, 8729543
List the prime factors of 63076331.
63076331
List the prime factors of 268979175.
3, 5, 1195463
List the prime factors of 3333694902.
2, 3, 555615817
List the prime factors of 60595297.
7, 29, 31, 9629
What are the prime factors of 749287255?
5, 43, 109, 31973
List the prime factors of 8922301.
8922301
What are the prime factors of 660317116?
2, 43, 107, 35879
List the prime factors of 1567098105.
3, 5, 41, 2548127
What are the prime factors of 596759738?
2, 17, 29, 605233
What are the prime factors of 821734963?
7, 10223, 11483
What are the prime factors of 302941558?
2, 2851, 53129
What are the prime factors of 104581582?
2, 7, 1067159
What are the prime factors of 116180083?
116180083
What are the prime factors of 29413436?
2, 13, 3347
What are the prime factors of 52654100?
2, 5, 17, 47, 659
List the prime factors of 61462690.
2, 5, 41, 149909
List the prime factors of 44216555.
5, 349, 25339
What are the prime factors of 1012361379?
3, 79, 4271567
What are the prime factors of 269525175?
3, 5, 3593669
What are the prime factors of 218159372?
2, 521, 104683
What are the prime factors of 34711442?
2, 19, 107, 8537
What are the prime factors of 24520859?
11, 2229169
List the prime factors of 845233765.
5, 169046753
List the prime factors of 2637280703.
17, 155134159
List the prime factors of 446346845.
5, 7, 12752767
What are the prime factors of 1015223679?
3, 43, 59, 14821
What are the prime factors of 188303577?
3, 7, 11, 17, 47951
What are the prime factors of 112004702?
2, 41, 1365911
What are the prime factors of 3653944176?
2, 3, 37, 2057401
What are the prime factors of 138198857?
431, 320647
What are the prime factors of 1253590559?
13, 96430043
What are the prime factors of 147947576?
2, 7, 2641921
List the prime factors of 108300774.
2, 3, 127, 311, 457
List the prime factors of 666734582.
2, 333367291
What are the prime factors of 2979615?
3, 5, 198641
What are the prime factors of 199200547?
7, 13, 2189017
What are the prime factors of 201337616?
2, 12583601
What are the prime factors of 693150107?
13, 53319239
List the prime factors of 2711400929.
523, 5184323
List the prime factors of 85764406.
2, 7, 13, 59, 163
What are the prime factors of 5278348?
2, 29, 45503
What are the prime factors of 279530079?
3, 37, 2518289
What are the prime factors of 2529843692?
2, 19, 23, 1447279
List the prime factors of 14678202.
2, 3, 7, 11, 31771
List the prime factors of 2281047526.
2, 1091, 1045393
List the prime factors of 4843131633.
3, 2161, 249017
List the prime factors of 164807269.
11, 179, 83701
What are the prime factors of 286992786?
2, 3, 47832131
What are the prime factors of 95750969?
95750969
List the prime factors of 295364927.
11, 13, 2065489
List the prime factors of 90117656.
2, 97, 116131
List the prime factors of 19120311.
3, 7, 303497
List the prime factors of 3599871646.
2, 7, 257133689
What are the prime factors of 374324087?
229, 1634603
List the prime factors of 58310849.
58310849
List the prime factors of 1412567584.
2, 3181, 13877
What are the prime factors of 2776735105?
5, 43, 271, 47657
List the prime factors of 422088920.
2, 5, 11, 17, 73, 773
What are the prime factors of 127838680?
2, 5, 67, 47701
What are the prime factors of 98512841?
7, 17, 23, 35993
List the prime factors of 763443782.
2, 73, 349, 14983
List the prime factors of 148979752.
2, 18622469
List the prime factors of 118187202.
2, 3, 7, 23, 122347
What are the prime factors of 180186222?
2, 3, 29, 101, 10253
List the prime factors of 10335206.
2, 7, 47, 113, 139
What are the prime factors of 1785482999?
107, 277, 563
What are the prime factors of 165826280?
2, 5, 293, 14149
List the prime factors of 1123272056.
2, 61, 2301787
List the prime factors of 293348178.
2, 3, 283, 57587
What are the prime factors of 3966747746?
2, 13, 152567221
What are the prime factors of 100319?
43, 2333
List the prime factors of 116031773.
11, 13, 811411
What are the prime factors of 162457799?
7, 23208257
What are the prime factors of 383648287?
11, 71, 44657
List the prime factors of 1228783697.
9029, 136093
List the prime factors of 187444759.
349, 537091
What are the prime factors of 374425672?
2, 619, 75611
List the prime factors of 179638250.
2, 5, 11, 65323
What are the prime factors of 1748218674?
2, 3, 47, 53, 116969
What are the prime factors of 39106713?
3, 13035571
What are the prime factors of 1356597354?
2, 3, 7, 32299937
List the prime factors of 175695807.
3, 7, 43, 194569
List the prime factors of 625421578.
2, 199, 1571411
What are the prime factors of 62823735?
3, 5, 13, 35797
What are the prime factors of 3241600806?
2, 3, 499, 1082699
List the prime factors of 1774095455.
5, 11, 19, 23, 223, 331
List the prime factors of 158969822.
2, 11, 17, 29, 14657
List the prime factors of 113427127.
11, 359, 28723
What are the prime factors of 1243560049?
29, 331, 353, 367
What are the prime factors of 126208531?
126208531
What are the prime factors of 5582729?
2153, 2593
What are the prime factors of 47222768?
2, 2951423
List the prime factors of 1624062986.
2, 7, 13, 337, 26479
List the prime factors of 715928643.
3, 2699, 29473
List the prime factors of 563554374.
2, 3, 307, 305947
What are the prime factors of 116691004?
2, 397, 73483
What are the prime factors of 142935028?
2, 193, 185149
What are the prime factors of 31600119?
3, 10533373
List the prime factors of 2113530892.
2, 11, 19, 2528147
What are the prime factors of 74703615?
3, 5, 7, 711463
List the prime factors of 247443585.
3, 5, 17, 89, 10903
List the prime factors of 71912011.
227, 316793
List the prime factors of 21073987.
11, 1915817
List the prime factors of 4595691.
3, 1531897
What are the prime factors of 969430670?
2, 5, 13, 7457159
List the prime factors of 4548873173.
13, 127, 2755223
What are the prime factors of 13783457?
13783457
What are the prime factors of 268980845?
5, 7, 197, 5573
What are the prime factors of 169698906?
2, 3, 13, 725209
List the prime factors of 90439461.
3, 7, 331, 4337
What are the prime factors of 127253334?
2, 3, 13, 29, 101, 557
List the prime factors of 6708899385.
3, 5, 37, 457, 2939
What are the prime factors of 1590851142?
2, 3, 88380619
What are the prime factors of 346345367?
346345367
What are the prime factors of 67556281?
13, 1237, 4201
What are the prime factors of 2625949862?
2, 1312974931
List the prime factors of 1760699162.
2, 41, 21471941
List the prime factors of 3107581775.
5, 124303271
List the prime factors of 906567289.
29, 31260941
List the prime factors of 162065758.
2, 691, 117269
List the prime factors of 514721122.
2, 257360561
What are the prime factors of 483031533?
3, 23, 139, 50363
What are the prime factors of 123167371?
31, 263, 15107
List the prime factors of 209601315.
3, 5, 7, 11, 241, 251
List the prime factors of 89913215.
5, 7, 43, 59743
List the prime factors of 8613782127.
3, 41, 23343583
What are the prime factors of 4014486392?
2, 7, 821, 87317
List the prime factors of 227381635.
5, 13, 43, 81353
What are the prime factors of 99612984?
2, 3, 1531, 2711
List the prime factors of 920263551.
3, 31, 9895307
What are the prime factors of 479765154?
2, 3, 11, 29, 367, 683
List the prime factors of 325